te the greatest common divisor of 9 and 189.
9
What is the greatest common factor of 172 and 16?
4
Calculate the highest common divisor of 17 and 2533.
17
What is the greatest common divisor of 420 and 1020?
60
Calculate the highest common factor of 27 and 17973.
9
What is the greatest common divisor of 150 and 10?
10
What is the highest common factor of 672 and 12?
12
What is the highest common factor of 1254 and 76?
38
Calculate the greatest common divisor of 42 and 98.
14
What is the highest common factor of 13611 and 26?
13
What is the highest common factor of 360 and 320?
40
Calculate the highest common factor of 210 and 364.
14
What is the greatest common factor of 280 and 70?
70
What is the greatest common factor of 85 and 115?
5
What is the greatest common factor of 305 and 55?
5
Calculate the greatest common factor of 603 and 9.
9
What is the highest common factor of 1 and 3466?
1
What is the highest common factor of 33 and 209?
11
What is the greatest common factor of 102 and 34?
34
Calculate the highest common divisor of 4530 and 60.
30
Calculate the greatest common factor of 464 and 80.
16
Calculate the highest common divisor of 15 and 115.
5
What is the greatest common factor of 16 and 304?
16
What is the greatest common divisor of 255 and 816?
51
Calculate the highest common divisor of 15 and 345.
15
Calculate the greatest common divisor of 21 and 7203.
21
Calculate the greatest common factor of 90 and 4.
2
What is the highest common divisor of 144 and 40?
8
What is the highest common factor of 333 and 259?
37
Calculate the greatest common factor of 25 and 12575.
25
What is the highest common divisor of 2718 and 604?
302
What is the highest common divisor of 6254 and 212?
106
What is the highest common divisor of 52 and 65?
13
What is the greatest common divisor of 8 and 424?
8
What is the highest common factor of 1092 and 156?
156
Calculate the greatest common divisor of 2065 and 35.
35
What is the greatest common factor of 6644 and 308?
44
Calculate the greatest common divisor of 255 and 45.
15
Calculate the greatest common factor of 11515 and 105.
35
What is the greatest common factor of 1044 and 116?
116
What is the highest common divisor of 55 and 121?
11
What is the highest common factor of 198 and 90?
18
Calculate the highest common divisor of 54 and 42.
6
What is the highest common divisor of 1376 and 86?
86
What is the greatest common factor of 532 and 28?
28
What is the highest common factor of 3 and 8403?
3
Calculate the highest common divisor of 936 and 324.
36
Calculate the greatest common divisor of 2 and 8.
2
Calculate the highest common divisor of 6310 and 40.
10
What is the highest common divisor of 4 and 2256?
4
What is the highest common divisor of 44827 and 23?
23
Calculate the highest common divisor of 180 and 6.
6
Calculate the greatest common divisor of 413 and 21.
7
Calculate the highest common factor of 66 and 4169.
11
What is the highest common divisor of 51 and 238?
17
Calculate the highest common factor of 600 and 8.
8
Calculate the highest common factor of 9 and 30.
3
Calculate the highest common factor of 80 and 130.
10
What is the highest common divisor of 4843 and 501?
167
Calculate the highest common factor of 222 and 2997.
111
Calculate the greatest common divisor of 5 and 450.
5
What is the greatest common divisor of 38 and 10678?
38
What is the highest common factor of 432 and 2052?
108
Calculate the highest common divisor of 1363 and 47.
47
What is the highest common divisor of 1403 and 46?
23
What is the greatest common factor of 11 and 352?
11
Calculate the greatest common factor of 962 and 156.
26
Calculate the highest common divisor of 65 and 312.
13
Calculate the highest common factor of 8 and 32.
8
What is the highest common divisor of 671 and 88?
11
Calculate the highest common divisor of 171 and 969.
57
What is the greatest common factor of 67 and 16281?
67
Calculate the greatest common divisor of 50 and 70.
10
What is the highest common factor of 50 and 60?
10
What is the highest common factor of 48 and 1680?
48
What is the highest common factor of 95 and 247?
19
Calculate the highest common divisor of 144 and 1272.
24
What is the highest common divisor of 31 and 837?
31
Calculate the greatest common factor of 390 and 390.
390
What is the highest common divisor of 2829 and 369?
123
Calculate the greatest common factor of 100 and 550.
50
Calculate the highest common factor of 72 and 2292.
12
Calculate the highest common divisor of 392 and 280.
56
Calculate the greatest common divisor of 4496 and 3653.
281
What is the highest common factor of 26 and 1222?
26
Calculate the highest common factor of 400 and 120.
40
Calculate the highest common factor of 93 and 961.
31
What is the highest common factor of 25 and 2405?
5
What is the greatest common divisor of 26 and 9178?
26
Calculate the greatest common divisor of 1360 and 595.
85
What is the highest common factor of 6448 and 32?
16
What is the highest common factor of 1391 and 104?
13
Calculate the greatest common factor of 176 and 77.
11
Calculate the highest common divisor of 7434 and 126.
126
What is the highest common factor of 52 and 8?
4
What is the highest common factor of 424 and 12137?
53
What is the greatest common factor of 54 and 351?
27
What is the highest common factor of 480 and 12?
12
Calculate the highest common divisor of 85 and 51.
17
Calculate the greatest common divisor of 3258 and 90.
18
Calculate the greatest common factor of 6341 and 136.
17
Calculate the greatest common factor of 1007 and 689.
53
What is the highest common divisor of 33 and 1903?
11
What is the highest common factor of 7 and 378?
7
Calculate the greatest common factor of 3 and 1.
1
What is the highest common divisor of 759 and 66?
33
Calculate the greatest common divisor of 10 and 2605.
5
Calculate the highest common divisor of 959 and 137.
137
Calculate the highest common factor of 900 and 75.
75
Calculate the highest common factor of 6 and 1578.
6
What is the greatest common divisor of 282 and 423?
141
What is the greatest common divisor of 105 and 609?
21
Calculate the highest common factor of 1760 and 64.
32
Calculate the highest common divisor of 450 and 60.
30
What is the greatest common divisor of 143 and 11?
11
Calculate the highest common factor of 10829 and 1326.
221
Calculate the greatest common factor of 1881 and 19.
19
Calculate the highest common divisor of 70 and 550.
10
What is the greatest common divisor of 832 and 1088?
64
What is the highest common divisor of 450 and 90?
90
What is the greatest common factor of 2856 and 504?
168
What is the highest common divisor of 5205 and 35?
5
Calculate the highest common divisor of 20 and 810.
10
Calculate the highest common factor of 6499 and 485.
97
What is the highest common factor of 516 and 1419?
129
Calculate the highest common factor of 13384 and 56.
56
What is the greatest common divisor of 64 and 24?
8
What is the greatest common factor of 92 and 414?
46
What is the highest common divisor of 275 and 50?
25
What is the greatest common factor of 5 and 2245?
5
Calculate the highest common factor of 323 and 1853.
17
What is the greatest common divisor of 236 and 6431?
59
Calculate the highest common factor of 480 and 680.
40
Calculate the greatest common divisor of 323 and 68.
17
What is the greatest common factor of 1998 and 54?
54
Calculate the greatest common divisor of 99 and 110.
11
Calculate the highest common factor of 6767 and 134.
67
What is the greatest common factor of 19 and 361?
19
What is the greatest common factor of 169 and 52?
13
Calculate the greatest common factor of 3567 and 87.
87
Calculate the greatest common factor of 438 and 24.
6
Calculate the greatest common divisor of 16 and 248.
8
Calculate the greatest common divisor of 14 and 63.
7
What is the highest common factor of 38 and 216?
2
What is the highest common factor of 87 and 203?
29
Calculate the greatest common factor of 59475 and 195.
195
What is the highest common divisor of 58 and 3538?
58
What is the greatest common divisor of 10 and 24?
2
Calculate the highest common factor of 84 and 12.
12
What is the greatest common divisor of 106 and 1537?
53
Calculate the highest common divisor of 136 and 51.